- 8*x + 97 = -t. What is the highest common factor of x and 17622?
99
Let m(q) = 9 + 9 + 9 - 5*q - 22. Let j be m(-4). Let b be 68/(45/j + (-3)/(-15)). Calculate the greatest common factor of 34 and b.
34
Let r be (-1)/(3 - ((-280)/(-12))/7). Suppose r*y + 111 = 138. Let c = 18 - 9. What is the greatest common factor of y and c?
9
Let o(f) = f**2 - 9*f - 6. Let v be o(-6). Let n(l) = l**3 + 9*l**2 + 8*l - 30. Let y be n(-9). Let p = y - -126. What is the highest common divisor of p and v?
12
Let j = -38 + 43. Suppose 2*d - 335 = j*l - 3*d, 3*l - 4*d + 205 = 0. Let y = 74 + l. Calculate the greatest common divisor of 44 and y.
11
Suppose -48*l + 5*z - 1575 = -49*l, -17*z = 0. Calculate the highest common factor of l and 1750.
175
Let x = -264 - -268. Let d = -23 + 25. What is the greatest common factor of d and x?
2
Let j = 18610 + -18568. What is the greatest common divisor of 23709 and j?
21
Let v = -457 + 812. Suppose 10*r - v = 1045. What is the highest common factor of 56 and r?
28
Suppose -116*x = -1154 - 5110. Calculate the highest common divisor of x and 366.
6
Let o(r) = r**2 - 14*r - 32. Suppose 0 = -2*x + 6*x + 2*w + 24, -4*x + 2*w = 32. Let t be o(x). Calculate the greatest common factor of t and 92.
23
Let p be 28/1*66/8. Suppose 5*w = 5*o - 60, -6*w = -3*o - 8*w + 16. Suppose -o = 12*r - 260. What is the highest common factor of r and p?
21
Let j = -13758 + 13796. What is the greatest common divisor of j and 1786?
38
Let o(z) = -268*z - 1862. Let g be o(-7). Calculate the greatest common divisor of 896 and g.
14
Let k(q) = -q**3 + 47*q**2 - 188*q + 24. Let i be k(16). What is the highest common divisor of i and 8?
8
Suppose 2*s - 780 = -58*s. Let z(o) = -6*o**2 + 83*o + 10. Let i be z(s). What is the highest common divisor of i and 400?
25
Let j(y) = -y**3 + 7*y**2 + 15*y + 29. Let x be j(9). Suppose a + 4*a + x*r - 175 = 0, 105 = 3*a - r. What is the greatest common divisor of a and 315?
35
Suppose 3*a - q = 619, -2*q = -3*a + 36 + 581. Let o = -135 + a. Let f = -2777 - -2813. Calculate the greatest common divisor of f and o.
36
Suppose 2336*k - 2285*k = 136017. Calculate the greatest common divisor of k and 42.
21
Let a = -1095 - -1098. Let z be (9/(-6))/((-3)/(-4)). Let d be a*(z/(-1) + -1). What is the highest common divisor of 2 and d?
1
Let o(h) = -119*h + 23. Let r be o(2). Let s = -205 - r. What is the greatest common factor of 270 and s?
10
Suppose -r = 5*a - 2, -a + 6*a = -4*r + 8. Suppose 17*u + u - 3420 = a. Calculate the highest common factor of u and 10.
10
Let b(u) = -13*u**3 - 13*u**2 + 11*u + 9. Let z be b(-3). Calculate the highest common factor of z and 830.
10
Let q(f) = 19*f**2 - 115*f + 442. Let u be q(4). Calculate the highest common divisor of u and 338.
26
Suppose 3*s + 4*n - 164 = 0, s + 25*n = 27*n + 48. What is the highest common divisor of s and 13?
13
Suppose 2*l + 20 = 7*l. Suppose -l*r = -2*b - 38, -10 = 3*b - b. Suppose 3*a + o + 252 = r*a, 3*o = 12. Calculate the greatest common divisor of 8 and a.
8
Let m(n) = 30*n**3 - n + 1. Let h be m(1). Suppose -160*z - 12*z - 1198*z = 1242*z - 94032. What is the greatest common factor of z and h?
6
Let n = -22493 + 24773. What is the greatest common factor of 285 and n?
285
Let o = -1105 + 1234. Calculate the highest common divisor of 6 and o.
3
Suppose -4*v + 10 = 5*f, -3*v - 4*f = 48 - 55. Let j(z) = z + 445. Let u be j(0). Calculate the greatest common divisor of u and v.
5
Let m(z) = -z**3 - z**2 - 8*z + 4356. Let h be m(0). What is the greatest common divisor of h and 36?
36
Let l(n) = -n**3 + 22*n**2 + 24*n - 42. Let b be l(23). Let i = 22 + b. What is the greatest common factor of i and 12?
3
Suppose -i = 5*k + i - 1775, -k + 342 = 3*i. Suppose -1149 = -2*b - k. Let c be 294/8 - (-12)/(-16). Calculate the greatest common divisor of b and c.
36
Let c(u) = 65*u - 1. Let p be c(1). Suppose -32*y + 3036 = 988. Calculate the greatest common factor of p and y.
64
Let w = -181 - -223. Suppose -b - 2*b = -w. What is the highest common divisor of b and 14?
14
Suppose 0 = -4*q + 4*s + 360, 44*q + s - 162 = 42*q. Let y be 36*(2 + (-12)/9). Calculate the greatest common factor of q and y.
12
Let j be (-273)/(-26) + -9 - 2/(-4). Suppose -j*b = 9*b - 660. Calculate the greatest common factor of b and 80.
20
Let y be ((-51)/(-34))/((-6)/(-8)). Suppose j = -y*j + 18. Suppose -71 = -j*m + 37. What is the highest common factor of m and 90?
18
Let u(b) = b**2 + 32*b + 67. Let p be u(-21). Let q = 182 + p. Let y be 26 + (5 - (8 + -4)). What is the greatest common factor of q and y?
9
Let k be (-10 - -3)*(-16)/1. Let z(r) be the first derivative of r**2/2 + 33*r + 47. Let x be z(-19). What is the greatest common factor of x and k?
14
Let j = 1827 - 1755. What is the highest common factor of j and 376?
8
Suppose 5*k - 26 = 9. Let z(q) = 9*q**3 - 44*q**2 + 5*q - 47. Let p be z(6). What is the greatest common factor of p and k?
7
Let f(k) = -2*k**3 - 6*k**2 + 5*k - 15. Let w be f(-6). Suppose 6*v - w = -51. What is the highest common factor of 40 and v?
20
Let v = -12 - -8. Let a be -6 - (-28 - (0 + v)). What is the highest common factor of 54 and a?
18
Let m = 399 - 380. Suppose l - 4*d = 170, m*l - 18*l + d = 145. What is the highest common divisor of l and 225?
75
Let c = 234 + -225. Suppose 2*n - 26 = -a - a, -5*a = n - 49. What is the greatest common divisor of a and c?
9
Let d be ((-84)/231 - (-1002)/33)/((-3)/(-32)). Let h = 73 - 41. What is the highest common factor of h and d?
32
Suppose -15 = -3*x, x = 3*b + 126 + 122. Let g be (-2)/(-9) + 2286/b. Let v = g + 37. What is the greatest common factor of 63 and v?
9
Let g(f) be the first derivative of f**3/3 + 16*f**2 + 37*f - 1. Let i be g(-31). What is the greatest common factor of 14 and i?
2
Suppose -i + 4*w + 7 = 0, 13*i = 11*i - w + 59. Calculate the greatest common factor of i and 2214.
27
Let k be ((-126)/(-4))/((-3)/(-8)). Let f(r) = r**2 - 51*r - 238. Let q be f(56). What is the greatest common factor of q and k?
42
Suppose -t - 32 = -17. Let g = t - -55. Calculate the greatest common divisor of g and 12.
4
Let m = -384 + 790. Suppose 0 = 4*b + 4*r - 5*r - 55, 5*r = 4*b - 51. What is the greatest common divisor of m and b?
14
Let f(r) = 146*r - 1144. Let y be f(8). What is the highest common factor of 4008 and y?
24
Let x = 1 + 57. Let g(b) = b**2 + 28*b + 117. Let n be g(-33). Suppose 4*d - n = -4*f + 2*f, -4*f + 578 = d. Calculate the highest common factor of x and f.
29
Let n be 376*1*(-22)/(-88). Suppose 215 = 5*h - 5*i + 4*i, 2*h = 2*i + n. What is the highest common factor of h and 70?
14
Let b(h) = -272*h + 4280. Let u be b(9). What is the highest common factor of 8 and u?
8
Let h = 121 + 471. What is the greatest common factor of 48 and h?
16
Suppose -5 = -4*j + 119. Suppose 3*g + 550 = 1759. What is the greatest common factor of j and g?
31
Suppose 7*d = -8*d - 58061 + 218396. Calculate the highest common divisor of d and 21.
21
Let m be (-1)/((6/(-1539))/2). Let f(l) = 2*l**2 - 66*l - 533. Let h be f(-7). Calculate the highest common divisor of h and m.
27
Suppose 0 = -5*r + 4*w + 32879, 0 = -3*r + 4*w + 26157 - 6428. Calculate the highest common divisor of 25 and r.
25
Let k = -2061 - -2104. Let d be (0/(-1) + -2)*-43. What is the greatest common divisor of k and d?
43
Suppose -5*w + 4*a + 88 = 0, 7*w - a - 17 = 6*w. Let r be 208/20 - (32/w)/4. Calculate the highest common divisor of r and 6.
2
Suppose 91*r + 3960 = 113*r. What is the greatest common factor of 420 and r?
60
Suppose -k - 25*x = -22*x - 39, 0 = -2*k - x + 88. Calculate the highest common factor of 783 and k.
9
Let r(u) = 3*u**2 + 116*u + 83. Let c be r(-38). Let h be (-50008)/(-49) + (-4)/c. What is the highest common divisor of 24 and h?
12
Suppose 57*g - 1285 = 8291. What is the greatest common factor of g and 1596?
84
Suppose 8 + 2 = 5*g. Suppose -7*q = -g*q - 3*s - 729, q + 4*s - 132 = 0. Suppose -f = 2*f - q. Calculate the greatest common divisor of 72 and f.
24
Suppose 2*r - 12 = 0, 0*a + 3*r = -5*a + 28538. What is the highest common factor of 124 and a?
124
Suppose 52*p - 114*p + 52*p = -880. What is the greatest common factor of p and 77?
11
Let y = 383 - 304. Suppose -y = s - 119. What is the greatest common factor of